{"id":614,"date":"2016-02-08T19:11:46","date_gmt":"2016-02-08T19:11:46","guid":{"rendered":"http:\/\/www.grupoprimal.com\/clientes\/auil\/?page_id=614"},"modified":"2018-05-08T18:40:31","modified_gmt":"2018-05-08T18:40:31","slug":"tecnologia","status":"publish","type":"page","link":"https:\/\/www.auil.cl\/new\/tecnologia\/","title":{"rendered":"Tecnolog\u00eda"},"content":{"rendered":"<p>[vc_row css=\u00bb.vc_custom_1454949446217{margin-top: 20px !important;margin-bottom: 20px !important;}\u00bb][vc_column width=\u00bb1\/2&#8243;][vc_column_text el_class=\u00bbtextoes\u00bb]<strong>Auil Odontolog\u00eda Cl\u00ednica<\/strong> ha sido pionera en la incorporaci\u00f3n de tecnolog\u00eda de vanguardia en la salud dental en Chile y por tanto, tiene una tradici\u00f3n innovadora en estos servicios.<\/p>\n<p>En la actualidad disponemos de las herramientas m\u00e1s avanzadas y cient\u00edficamente probadas para uso cl\u00ednico, lo que nos permite resolver caso a caso y asegurar el \u00e9xito de su tratamiento. Le invitamos a conocer algunas de las tecnolog\u00edas que habitualmente utilizamos en nuestro centro.[\/vc_column_text][vc_empty_space][vc_empty_space][\/vc_column][vc_column width=\u00bb1\/2&#8243;][vc_column_text el_class=\u00bbtextoes\u00bb]Nuestras <strong>Cl\u00ednicas<\/strong> son las \u00fanicas en Chile que re\u00fanen en un solo lugar la tecnolog\u00eda m\u00e1s avanzada para el servicio y atenci\u00f3n de nuestros pacientes: microc\u00e1maras de video intraoral; radiograf\u00edas digitales (90% menos de radiaci\u00f3n en relaci\u00f3n a las radiograf\u00edas convencionales); teleradiograf\u00eda; cefalometr\u00eda; l\u00e1ser cl\u00ednico; tecnolog\u00eda CAD-CAM CEREC -que permite tallar una nueva pieza dentaria rehabilitada en porcelana PVA durante la consulta- implantes Novum terminados completamente en un solo d\u00eda, adem\u00e1s de cirug\u00eda y procedimientos de avanzada.[\/vc_column_text][\/vc_column][\/vc_row][vc_row full_width=\u00bbstretch_row\u00bb css=\u00bb.vc_custom_1451227901321{margin-top: -50px !important;padding-top: 50px !important;padding-bottom: 50px !important;background-color: #f2f2f2 !important;}\u00bb][vc_column width=\u00bb1\/3&#8243;]\n<!-- BEGIN .imagebox -->\n<div class=\"imagebox  \">\n\t<div class=\"box-wrapper\">\n\t\t\t\t\t\n\t\t\t<div class=\"box-image\">\n\t\t\t\t<div class=\"box-header\">\n\t\t\t\t\t<h3 class=\"box-title\">\n\t\t\t\t\t\t<a href=\"https:\/\/www.auil.cl\/tecnologia\/laser-clinico\/\" target=\"_self\">\n\t\t\t\t\t\t\tLaser Cl\u00ednico\t\t\t\t\t\t<\/a>\t\n\t\t\t\t\t<\/h3>\n\n\t\t\t\t\t\t\t\t\t<\/div>\n\n\t\t\t\t<img loading=\"lazy\" decoding=\"async\" width=\"435\" height=\"309\" src=\"https:\/\/www.auil.cl\/new\/wp-content\/uploads\/2016\/02\/popopo.jpg\" class=\"attachment-full\" alt=\"\" srcset=\"https:\/\/www.auil.cl\/new\/wp-content\/uploads\/2016\/02\/popopo.jpg 435w, https:\/\/www.auil.cl\/new\/wp-content\/uploads\/2016\/02\/popopo-300x213.jpg 300w\" sizes=\"auto, (max-width: 435px) 100vw, 435px\" \/>\t\t\t<\/div>\n\n\t\t\n\t\t<div class=\"box-content\">\n\t\t\t\t\t\t\t<div class=\"box-desc\">\n\t\t\t\t\tLos fotones cauterizan una herida o incisi\u00f3n quir\u00fargica.&lt;br \/&gt;\nEl l\u00e1ser cl\u00ednico, ..\t\t\t\t<\/div>\n\t\t\t\t\t\t\n\t\t\t\t\t\t\t\n\t\t\t\t<div class=\"box-button\">\n\t\t\t\t\t<a href=\"https:\/\/www.auil.cl\/tecnologia\/laser-clinico\/\" target=\"_self\">\n\t\t\t\t\t\tLeer m\u00e1s\t\t\t\t\t<\/a>\n\t\t\t\t<\/div>\n\n\t\t\t\t\t<\/div>\n\t<\/div>\n<\/div>\n<!-- End .imagebox -->\n[vc_empty_space height=\u00bb30px\u00bb]\n<!-- BEGIN .imagebox -->\n<div class=\"imagebox  \">\n\t<div class=\"box-wrapper\">\n\t\t\t\t\t\n\t\t\t<div class=\"box-image\">\n\t\t\t\t<div class=\"box-header\">\n\t\t\t\t\t<h3 class=\"box-title\">\n\t\t\t\t\t\t<a href=\"https:\/\/www.auil.cl\/tecnologia\/imagenologia\/\" target=\"_self\">\n\t\t\t\t\t\t\tImagenologia Intraoral\t\t\t\t\t\t<\/a>\t\n\t\t\t\t\t<\/h3>\n\n\t\t\t\t\t\t\t\t\t<\/div>\n\n\t\t\t\t<img loading=\"lazy\" decoding=\"async\" class=\"\" src=\"https:\/\/www.auil.cl\/new\/wp-content\/uploads\/2016\/02\/IM.jpg\" width=\"500\" height=\"354\" alt=\"IM\" title=\"IM\" \/>\t\t\t<\/div>\n\n\t\t\n\t\t<div class=\"box-content\">\n\t\t\t\t\t\t\t<div class=\"box-desc\">\n\t\t\t\t\tUna micro-c\u00e1mara de video permite recorrer la cavidad oral y registrar im\u00e1genes para&#8230;\t\t\t\t<\/div>\n\t\t\t\t\t\t\n\t\t\t\t\t\t\t\n\t\t\t\t<div class=\"box-button\">\n\t\t\t\t\t<a href=\"https:\/\/www.auil.cl\/tecnologia\/imagenologia\/\" target=\"_self\">\n\t\t\t\t\t\tLeer m\u00e1s\t\t\t\t\t<\/a>\n\t\t\t\t<\/div>\n\n\t\t\t\t\t<\/div>\n\t<\/div>\n<\/div>\n<!-- End .imagebox -->\n[vc_empty_space height=\u00bb30px\u00bb][\/vc_column][vc_column width=\u00bb1\/3&#8243;]\n<!-- BEGIN .imagebox -->\n<div class=\"imagebox  \">\n\t<div class=\"box-wrapper\">\n\t\t\t\t\t\n\t\t\t<div class=\"box-image\">\n\t\t\t\t<div class=\"box-header\">\n\t\t\t\t\t<h3 class=\"box-title\">\n\t\t\t\t\t\t<a href=\"https:\/\/www.auil.cl\/tecnologia\/cerec-3d\/\" target=\"_self\">\n\t\t\t\t\t\t\tCerec 3D\t\t\t\t\t\t<\/a>\t\n\t\t\t\t\t<\/h3>\n\n\t\t\t\t\t\t\t\t\t<\/div>\n\n\t\t\t\t<img loading=\"lazy\" decoding=\"async\" width=\"435\" height=\"309\" src=\"https:\/\/www.auil.cl\/new\/wp-content\/uploads\/2016\/02\/wfrqwrq.jpg\" class=\"attachment-full\" alt=\"\" srcset=\"https:\/\/www.auil.cl\/new\/wp-content\/uploads\/2016\/02\/wfrqwrq.jpg 435w, https:\/\/www.auil.cl\/new\/wp-content\/uploads\/2016\/02\/wfrqwrq-300x213.jpg 300w\" sizes=\"auto, (max-width: 435px) 100vw, 435px\" \/>\t\t\t<\/div>\n\n\t\t\n\t\t<div class=\"box-content\">\n\t\t\t\t\t\t\t<div class=\"box-desc\">\n\t\t\t\t\tEquipo de \u00faltima generaci\u00f3n para la restauraci\u00f3n computarizada en cer\u00e1mica &#8230;\t\t\t\t<\/div>\n\t\t\t\t\t\t\n\t\t\t\t\t\t\t\n\t\t\t\t<div class=\"box-button\">\n\t\t\t\t\t<a href=\"https:\/\/www.auil.cl\/tecnologia\/cerec-3d\/\" target=\"_self\">\n\t\t\t\t\t\tLeer m\u00e1s\t\t\t\t\t<\/a>\n\t\t\t\t<\/div>\n\n\t\t\t\t\t<\/div>\n\t<\/div>\n<\/div>\n<!-- End .imagebox -->\n[vc_empty_space height=\u00bb30px\u00bb]\n<!-- BEGIN .imagebox -->\n<div class=\"imagebox  \">\n\t<div class=\"box-wrapper\">\n\t\t\t\t\t\n\t\t\t<div class=\"box-image\">\n\t\t\t\t<div class=\"box-header\">\n\t\t\t\t\t<h3 class=\"box-title\">\n\t\t\t\t\t\t<a href=\"https:\/\/www.auil.cl\/tecnologia\/electrocirugia\/\" target=\"_self\">\n\t\t\t\t\t\t\tElectrocirugia\t\t\t\t\t\t<\/a>\t\n\t\t\t\t\t<\/h3>\n\n\t\t\t\t\t\t\t\t\t<\/div>\n\n\t\t\t\t<img loading=\"lazy\" decoding=\"async\" class=\"\" src=\"https:\/\/www.auil.cl\/new\/wp-content\/uploads\/2015\/12\/a4-700x495.jpg\" width=\"700\" height=\"495\" alt=\"a4\" title=\"a4\" \/>\t\t\t<\/div>\n\n\t\t\n\t\t<div class=\"box-content\">\n\t\t\t\t\t\t\t<div class=\"box-desc\">\n\t\t\t\t\tUna peque\u00f1a pero potente se\u00f1al el\u00e9ctrica permite hacer incisiones limpias y precisas&#8230;\t\t\t\t<\/div>\n\t\t\t\t\t\t\n\t\t\t\t\t\t\t\n\t\t\t\t<div class=\"box-button\">\n\t\t\t\t\t<a href=\"https:\/\/www.auil.cl\/tecnologia\/electrocirugia\/\" target=\"_self\">\n\t\t\t\t\t\tLeer m\u00e1s\t\t\t\t\t<\/a>\n\t\t\t\t<\/div>\n\n\t\t\t\t\t<\/div>\n\t<\/div>\n<\/div>\n<!-- End .imagebox -->\n[vc_empty_space height=\u00bb30px\u00bb][\/vc_column][vc_column width=\u00bb1\/3&#8243;]\n<!-- BEGIN .imagebox -->\n<div class=\"imagebox  \">\n\t<div class=\"box-wrapper\">\n\t\t\t\t\t\n\t\t\t<div class=\"box-image\">\n\t\t\t\t<div class=\"box-header\">\n\t\t\t\t\t<h3 class=\"box-title\">\n\t\t\t\t\t\t<a href=\"https:\/\/www.auil.cl\/tecnologia\/software-clinico\/\" target=\"_self\">\n\t\t\t\t\t\t\tSoftware Cl\u00ednico Dentrix\t\t\t\t\t\t<\/a>\t\n\t\t\t\t\t<\/h3>\n\n\t\t\t\t\t\t\t\t\t<\/div>\n\n\t\t\t\t<img loading=\"lazy\" decoding=\"async\" width=\"435\" height=\"309\" src=\"https:\/\/www.auil.cl\/new\/wp-content\/uploads\/2016\/02\/sdas.jpg\" class=\"attachment-full\" alt=\"\" srcset=\"https:\/\/www.auil.cl\/new\/wp-content\/uploads\/2016\/02\/sdas.jpg 435w, https:\/\/www.auil.cl\/new\/wp-content\/uploads\/2016\/02\/sdas-300x213.jpg 300w\" sizes=\"auto, (max-width: 435px) 100vw, 435px\" \/>\t\t\t<\/div>\n\n\t\t\n\t\t<div class=\"box-content\">\n\t\t\t\t\t\t\t<div class=\"box-desc\">\n\t\t\t\t\tUna Cl\u00ednica del siglo XXI. El programa maestro para administrar &#8230;\t\t\t\t<\/div>\n\t\t\t\t\t\t\n\t\t\t\t\t\t\t\n\t\t\t\t<div class=\"box-button\">\n\t\t\t\t\t<a href=\"https:\/\/www.auil.cl\/tecnologia\/software-clinico\/\" target=\"_self\">\n\t\t\t\t\t\tLeer m\u00e1s\t\t\t\t\t<\/a>\n\t\t\t\t<\/div>\n\n\t\t\t\t\t<\/div>\n\t<\/div>\n<\/div>\n<!-- End .imagebox -->\n[vc_empty_space height=\u00bb30px\u00bb]\n<!-- BEGIN .imagebox -->\n<div class=\"imagebox  \">\n\t<div class=\"box-wrapper\">\n\t\t\t\t\t\n\t\t\t<div class=\"box-image\">\n\t\t\t\t<div class=\"box-header\">\n\t\t\t\t\t<h3 class=\"box-title\">\n\t\t\t\t\t\t<a href=\"https:\/\/www.auil.cl\/tecnologia\/radiovisiografia\/\" target=\"_self\">\n\t\t\t\t\t\t\tRadiovisiografia\t\t\t\t\t\t<\/a>\t\n\t\t\t\t\t<\/h3>\n\n\t\t\t\t\t\t\t\t\t<\/div>\n\n\t\t\t\t<img loading=\"lazy\" decoding=\"async\" width=\"435\" height=\"309\" src=\"https:\/\/www.auil.cl\/new\/wp-content\/uploads\/2016\/02\/muelas.jpg\" class=\"attachment-full\" alt=\"\" srcset=\"https:\/\/www.auil.cl\/new\/wp-content\/uploads\/2016\/02\/muelas.jpg 435w, https:\/\/www.auil.cl\/new\/wp-content\/uploads\/2016\/02\/muelas-300x213.jpg 300w\" sizes=\"auto, (max-width: 435px) 100vw, 435px\" \/>\t\t\t<\/div>\n\n\t\t\n\t\t<div class=\"box-content\">\n\t\t\t\t\t\t\t<div class=\"box-desc\">\n\t\t\t\t\tRadiograf\u00edas del futuro : Con s\u00f3lo un 10% de la emisi\u00f3n de rayos X que necesitan las &#8230;\t\t\t\t<\/div>\n\t\t\t\t\t\t\n\t\t\t\t\t\t\t\n\t\t\t\t<div class=\"box-button\">\n\t\t\t\t\t<a href=\"https:\/\/www.auil.cl\/tecnologia\/radiovisiografia\/\" target=\"_self\">\n\t\t\t\t\t\tLeer m\u00e1s\t\t\t\t\t<\/a>\n\t\t\t\t<\/div>\n\n\t\t\t\t\t<\/div>\n\t<\/div>\n<\/div>\n<!-- End .imagebox -->\n[\/vc_column][\/vc_row]<\/p>\n","protected":false},"excerpt":{"rendered":"<p>[vc_row css=\u00bb.vc_custom_1454949446217{margin-top: 20px !important;margin-bottom: 20px !important;}\u00bb][vc_column width=\u00bb1\/2&#8243;][vc_column_text el_class=\u00bbtextoes\u00bb]Auil Odontolog\u00eda Cl\u00ednica ha sido pionera en la incorporaci\u00f3n de tecnolog\u00eda de vanguardia en la salud dental en Chile y por tanto, tiene una tradici\u00f3n innovadora en estos servicios. En la actualidad disponemos de las herramientas m\u00e1s avanzadas y cient\u00edficamente probadas para uso cl\u00ednico, lo que nos permite [&hellip;]<\/p>\n","protected":false},"author":3,"featured_media":0,"parent":0,"menu_order":0,"comment_status":"closed","ping_status":"closed","template":"","meta":{"om_disable_all_campaigns":false,"_monsterinsights_skip_tracking":false,"_monsterinsights_sitenote_active":false,"_monsterinsights_sitenote_note":"","_monsterinsights_sitenote_category":0,"footnotes":""},"class_list":["post-614","page","type-page","status-publish","hentry","no-post-thumbnail"],"_links":{"self":[{"href":"https:\/\/www.auil.cl\/new\/wp-json\/wp\/v2\/pages\/614","targetHints":{"allow":["GET"]}}],"collection":[{"href":"https:\/\/www.auil.cl\/new\/wp-json\/wp\/v2\/pages"}],"about":[{"href":"https:\/\/www.auil.cl\/new\/wp-json\/wp\/v2\/types\/page"}],"author":[{"embeddable":true,"href":"https:\/\/www.auil.cl\/new\/wp-json\/wp\/v2\/users\/3"}],"replies":[{"embeddable":true,"href":"https:\/\/www.auil.cl\/new\/wp-json\/wp\/v2\/comments?post=614"}],"version-history":[{"count":18,"href":"https:\/\/www.auil.cl\/new\/wp-json\/wp\/v2\/pages\/614\/revisions"}],"predecessor-version":[{"id":1145,"href":"https:\/\/www.auil.cl\/new\/wp-json\/wp\/v2\/pages\/614\/revisions\/1145"}],"wp:attachment":[{"href":"https:\/\/www.auil.cl\/new\/wp-json\/wp\/v2\/media?parent=614"}],"curies":[{"name":"wp","href":"https:\/\/api.w.org\/{rel}","templated":true}]}}