{"id":620,"date":"2016-02-08T19:23:22","date_gmt":"2016-02-08T19:23:22","guid":{"rendered":"http:\/\/www.grupoprimal.com\/clientes\/auil\/?page_id=620"},"modified":"2019-02-28T22:12:45","modified_gmt":"2019-02-28T22:12:45","slug":"laser-clinico","status":"publish","type":"page","link":"https:\/\/www.auil.cl\/new\/tecnologia\/laser-clinico\/","title":{"rendered":"Laser Cl\u00ednico"},"content":{"rendered":"<p>[vc_row][vc_column width=\u00bb1\/2&#8243;][vc_column_text el_class=\u00bbtextoes\u00bb]<\/p>\n<h4 style=\"margin-top: 0;\">Laser Cl\u00ednico<\/h4>\n<p>Los fotones cauterizan una herida o incisi\u00f3n quir\u00fargica.[\/vc_column_text][vc_empty_space height=\u00bb10px\u00bb][vc_column_text el_class=\u00bbtextoes\u00bb]<\/p>\n<p style=\"text-align: justify;\"><strong>El l\u00e1ser cl\u00ednico<\/strong>, una emisi\u00f3n de luz ben\u00e9fica de alta energ\u00eda, se usa en muchas aplicaciones en distintas \u00e1reas de la Odontolog\u00eda.<\/p>\n<p style=\"text-align: justify;\">Diagn\u00f3stico, es especial para detectar caries no percibidas a la inspecci\u00f3n visual ni en las radiograf\u00edas. Esto permite su control antes de requerir cavidades o anestesia.<\/p>\n<p style=\"text-align: justify;\">Tratamiento, su utilizaci\u00f3n tiene que ver principalmente con la r\u00e1pida reparaci\u00f3n y curaci\u00f3n de heridas. Es ideal para cirug\u00edas de tejido blando. Tiene un efecto cauterizante y esterilizante r\u00e1pido y efectivo, en s\u00f3lo segundos. As\u00ed, mejora la recuperaci\u00f3n post operatoria, disminuyendo el sangramiento, edema y dolor.<\/p>\n<h5 style=\"text-align: justify;\">Otras de sus aplicaciones son la r\u00e1pida curaci\u00f3n de aftas y herpes labiales, tratamiento de la sensibilidad dentaria al fr\u00edo y algunos dolores musculares.<\/h5>\n<p>[\/vc_column_text][vc_empty_space height=\u00bb20px\u00bb][vc_empty_space height=\u00bb20px\u00bb][\/vc_column][vc_column width=\u00bb1\/2&#8243;][vc_single_image image=\u00bb884&#8243; img_size=\u00bb500&#215;354&#8243;][vc_empty_space height=\u00bb30px\u00bb][\/vc_column][\/vc_row]<\/p>\n","protected":false},"excerpt":{"rendered":"<p>[vc_row][vc_column width=\u00bb1\/2&#8243;][vc_column_text el_class=\u00bbtextoes\u00bb] Laser Cl\u00ednico Los fotones cauterizan una herida o incisi\u00f3n quir\u00fargica.[\/vc_column_text][vc_empty_space height=\u00bb10px\u00bb][vc_column_text el_class=\u00bbtextoes\u00bb] El l\u00e1ser cl\u00ednico, una emisi\u00f3n de luz ben\u00e9fica de alta energ\u00eda, se usa en muchas aplicaciones en distintas \u00e1reas de la Odontolog\u00eda. Diagn\u00f3stico, es especial para detectar caries no percibidas a la inspecci\u00f3n visual ni en las radiograf\u00edas. Esto permite [&hellip;]<\/p>\n","protected":false},"author":3,"featured_media":0,"parent":614,"menu_order":0,"comment_status":"closed","ping_status":"closed","template":"","meta":{"om_disable_all_campaigns":false,"_monsterinsights_skip_tracking":false,"_monsterinsights_sitenote_active":false,"_monsterinsights_sitenote_note":"","_monsterinsights_sitenote_category":0,"footnotes":""},"class_list":["post-620","page","type-page","status-publish","hentry","no-post-thumbnail"],"_links":{"self":[{"href":"https:\/\/www.auil.cl\/new\/wp-json\/wp\/v2\/pages\/620","targetHints":{"allow":["GET"]}}],"collection":[{"href":"https:\/\/www.auil.cl\/new\/wp-json\/wp\/v2\/pages"}],"about":[{"href":"https:\/\/www.auil.cl\/new\/wp-json\/wp\/v2\/types\/page"}],"author":[{"embeddable":true,"href":"https:\/\/www.auil.cl\/new\/wp-json\/wp\/v2\/users\/3"}],"replies":[{"embeddable":true,"href":"https:\/\/www.auil.cl\/new\/wp-json\/wp\/v2\/comments?post=620"}],"version-history":[{"count":10,"href":"https:\/\/www.auil.cl\/new\/wp-json\/wp\/v2\/pages\/620\/revisions"}],"predecessor-version":[{"id":1187,"href":"https:\/\/www.auil.cl\/new\/wp-json\/wp\/v2\/pages\/620\/revisions\/1187"}],"up":[{"embeddable":true,"href":"https:\/\/www.auil.cl\/new\/wp-json\/wp\/v2\/pages\/614"}],"wp:attachment":[{"href":"https:\/\/www.auil.cl\/new\/wp-json\/wp\/v2\/media?parent=620"}],"curies":[{"name":"wp","href":"https:\/\/api.w.org\/{rel}","templated":true}]}}