{"id":662,"date":"2016-02-08T19:52:20","date_gmt":"2016-02-08T19:52:20","guid":{"rendered":"http:\/\/www.grupoprimal.com\/clientes\/auil\/?page_id=662"},"modified":"2019-05-29T14:29:09","modified_gmt":"2019-05-29T14:29:09","slug":"noticias","status":"publish","type":"page","link":"https:\/\/www.auil.cl\/new\/noticias\/","title":{"rendered":"Noticias"},"content":{"rendered":"<p>[vc_row css=\u00bb.vc_custom_1454949446217{margin-top: 20px !important;margin-bottom: 20px !important;}\u00bb][vc_column][vc_column_text el_class=\u00bbtextoes\u00bb]<\/p>\n<p style=\"text-align: center;\">Auil Odontolog\u00eda Cl\u00ednica ha sido invitada a participar de m\u00faltiples entrevistas, reportajes y filmaciones por el alto nivel de especializaci\u00f3n de sus profesionales y por mantenerse a la vanguardia tecnol\u00f3gica.<\/p>\n<p>[\/vc_column_text][vc_empty_space][vc_empty_space][\/vc_column][\/vc_row][vc_row full_width=\u00bbstretch_row\u00bb css=\u00bb.vc_custom_1450860164127{padding-top: 50px !important;padding-bottom: 50px !important;background-color: #f5f5f5 !important;}\u00bb el_class=\u00bbarrow\u00bb][vc_column width=\u00bb1\/3&#8243;][vc_column_text]<div style=\"width: 640px;\" class=\"wp-video\"><!--[if lt IE 9]><script>document.createElement('video');<\/script><![endif]-->\n<video class=\"wp-video-shortcode\" id=\"video-662-1\" width=\"640\" height=\"360\" preload=\"metadata\" controls=\"controls\"><source type=\"video\/mp4\" src=\"https:\/\/www.auil.cl\/new\/wp-content\/uploads\/2018\/05\/AAAVideo1.mp4?_=1\" \/><a href=\"https:\/\/www.auil.cl\/new\/wp-content\/uploads\/2018\/05\/AAAVideo1.mp4\">https:\/\/www.auil.cl\/new\/wp-content\/uploads\/2018\/05\/AAAVideo1.mp4<\/a><\/video><\/div>[\/vc_column_text][\/vc_column][vc_column width=\u00bb1\/3&#8243;][vc_column_text]<div style=\"width: 640px;\" class=\"wp-video\"><video class=\"wp-video-shortcode\" id=\"video-662-2\" width=\"640\" height=\"360\" preload=\"metadata\" controls=\"controls\"><source type=\"video\/mp4\" src=\"https:\/\/www.auil.cl\/new\/wp-content\/uploads\/2018\/05\/AAAVideo2.mp4?_=2\" \/><a href=\"https:\/\/www.auil.cl\/new\/wp-content\/uploads\/2018\/05\/AAAVideo2.mp4\">https:\/\/www.auil.cl\/new\/wp-content\/uploads\/2018\/05\/AAAVideo2.mp4<\/a><\/video><\/div>[\/vc_column_text][\/vc_column][vc_column width=\u00bb1\/3&#8243;][vc_column_text]<div style=\"width: 640px;\" class=\"wp-video\"><video class=\"wp-video-shortcode\" id=\"video-662-3\" width=\"640\" height=\"360\" preload=\"metadata\" controls=\"controls\"><source type=\"video\/mp4\" src=\"https:\/\/www.auil.cl\/new\/wp-content\/uploads\/2018\/05\/AAAVideo3.mp4?_=3\" \/><a href=\"https:\/\/www.auil.cl\/new\/wp-content\/uploads\/2018\/05\/AAAVideo3.mp4\">https:\/\/www.auil.cl\/new\/wp-content\/uploads\/2018\/05\/AAAVideo3.mp4<\/a><\/video><\/div>[\/vc_column_text][\/vc_column][\/vc_row][vc_row][vc_column][vc_custom_heading text=\u00bbNOTICIAS\u00bb font_container=\u00bbtag:h3|text_align:center|color:%230a0a0a\u00bb google_fonts=\u00bbfont_family:Lato%3A100%2C100italic%2C300%2C300italic%2Cregular%2Citalic%2C700%2C700italic%2C900%2C900italic|font_style:300%20light%20regular%3A300%3Anormal\u00bb][\/vc_column][\/vc_row][vc_row full_width=\u00bbstretch_row\u00bb css=\u00bb.vc_custom_1451227901321{margin-top: -50px !important;padding-top: 50px !important;padding-bottom: 50px !important;background-color: #f2f2f2 !important;}\u00bb][vc_column width=\u00bb1\/3&#8243;][vc_empty_space height=\u00bb30px\u00bb][vc_empty_space height=\u00bb30px\u00bb][\/vc_column][vc_column width=\u00bb1\/3&#8243;][vc_empty_space height=\u00bb30px\u00bb][\/vc_column][vc_column width=\u00bb1\/3&#8243;][vc_empty_space height=\u00bb30px\u00bb][\/vc_column][\/vc_row]<\/p>\n","protected":false},"excerpt":{"rendered":"<p>[vc_row css=\u00bb.vc_custom_1454949446217{margin-top: 20px !important;margin-bottom: 20px !important;}\u00bb][vc_column][vc_column_text el_class=\u00bbtextoes\u00bb] Auil Odontolog\u00eda Cl\u00ednica ha sido invitada a participar de m\u00faltiples entrevistas, reportajes y filmaciones por el alto nivel de especializaci\u00f3n de sus profesionales y por mantenerse a la vanguardia tecnol\u00f3gica. [\/vc_column_text][vc_empty_space][vc_empty_space][\/vc_column][\/vc_row][vc_row full_width=\u00bbstretch_row\u00bb css=\u00bb.vc_custom_1450860164127{padding-top: 50px !important;padding-bottom: 50px !important;background-color: #f5f5f5 !important;}\u00bb el_class=\u00bbarrow\u00bb][vc_column width=\u00bb1\/3&#8243;][vc_column_text][\/vc_column_text][\/vc_column][vc_column width=\u00bb1\/3&#8243;][vc_column_text][\/vc_column_text][\/vc_column][vc_column width=\u00bb1\/3&#8243;][vc_column_text][\/vc_column_text][\/vc_column][\/vc_row][vc_row][vc_column][vc_custom_heading text=\u00bbNOTICIAS\u00bb font_container=\u00bbtag:h3|text_align:center|color:%230a0a0a\u00bb google_fonts=\u00bbfont_family:Lato%3A100%2C100italic%2C300%2C300italic%2Cregular%2Citalic%2C700%2C700italic%2C900%2C900italic|font_style:300%20light%20regular%3A300%3Anormal\u00bb][\/vc_column][\/vc_row][vc_row full_width=\u00bbstretch_row\u00bb css=\u00bb.vc_custom_1451227901321{margin-top: [&hellip;]<\/p>\n","protected":false},"author":3,"featured_media":0,"parent":0,"menu_order":0,"comment_status":"closed","ping_status":"closed","template":"","meta":{"om_disable_all_campaigns":false,"_monsterinsights_skip_tracking":false,"_monsterinsights_sitenote_active":false,"_monsterinsights_sitenote_note":"","_monsterinsights_sitenote_category":0,"footnotes":""},"class_list":["post-662","page","type-page","status-publish","hentry","no-post-thumbnail"],"_links":{"self":[{"href":"https:\/\/www.auil.cl\/new\/wp-json\/wp\/v2\/pages\/662","targetHints":{"allow":["GET"]}}],"collection":[{"href":"https:\/\/www.auil.cl\/new\/wp-json\/wp\/v2\/pages"}],"about":[{"href":"https:\/\/www.auil.cl\/new\/wp-json\/wp\/v2\/types\/page"}],"author":[{"embeddable":true,"href":"https:\/\/www.auil.cl\/new\/wp-json\/wp\/v2\/users\/3"}],"replies":[{"embeddable":true,"href":"https:\/\/www.auil.cl\/new\/wp-json\/wp\/v2\/comments?post=662"}],"version-history":[{"count":38,"href":"https:\/\/www.auil.cl\/new\/wp-json\/wp\/v2\/pages\/662\/revisions"}],"predecessor-version":[{"id":1227,"href":"https:\/\/www.auil.cl\/new\/wp-json\/wp\/v2\/pages\/662\/revisions\/1227"}],"wp:attachment":[{"href":"https:\/\/www.auil.cl\/new\/wp-json\/wp\/v2\/media?parent=662"}],"curies":[{"name":"wp","href":"https:\/\/api.w.org\/{rel}","templated":true}]}}